{"id":109577,"date":"2017-11-23T09:19:21","date_gmt":"2017-11-23T08:19:21","guid":{"rendered":"http:\/\/devbiel.inlingua.ch\/mentions-legales\/"},"modified":"2025-08-13T11:51:25","modified_gmt":"2025-08-13T09:51:25","slug":"imprint","status":"publish","type":"page","link":"https:\/\/inlingua-ostschweiz.ch\/en\/imprint\/","title":{"rendered":"Imprint"},"content":{"rendered":"<section class=\"l-section wpb_row us_custom_79d475ad has_text_color height_auto width_full\"><div class=\"l-section-h i-cf\"><div class=\"g-cols vc_row via_flex valign_top type_default stacking_default\"><div class=\"vc_col-sm-6 wpb_column vc_column_container\"><div class=\"vc_column-inner us_custom_be3606da\"><div class=\"wpb_wrapper\"><div class=\"w-image align_none\"><div class=\"w-image-h\"><img decoding=\"async\" class=\"g-placeholder\" src=\"https:\/\/inlingua-ostschweiz.ch\/wp-content\/plugins\/us-core\/assets\/images\/placeholder.svg\" width=\"\" height=\"\" alt><\/div><\/div><\/div><\/div><\/div><div class=\"vc_col-sm-6 wpb_column vc_column_container vh100_col\"><div class=\"vc_column-inner\"><div class=\"wpb_wrapper\"><div class=\"wpb_text_column vh100_p\"><div class=\"wpb_wrapper\"><h4 style=\"text-align: center;\">inlingua Ostschweiz<\/h4>\n<h3 style=\"text-align: center;\">Impressum<\/h3>\n<h4 style=\"text-align: center;\">Sprachen ver\u00e4ndern Ihr Leben<\/h4>\n<\/div><\/div><\/div><\/div><\/div><\/div><\/div><\/section><section class=\"l-section wpb_row ext-row height_medium\"><div class=\"l-section-h i-cf\"><div class=\"g-cols vc_row via_flex valign_middle type_default stacking_default\"><div class=\"vc_col-sm-12 wpb_column vc_column_container\"><div class=\"vc_column-inner\"><div class=\"wpb_wrapper\"><div class=\"wpb_text_column\"><div class=\"wpb_wrapper\"><h2>Impressum<\/h2>\n<\/div><\/div><\/div><\/div><\/div><\/div><\/div><\/section><section class=\"l-section wpb_row us_custom_558fb458 height_medium\"><div class=\"l-section-h i-cf\"><div class=\"g-cols vc_row via_flex valign_top type_default stacking_default\"><div class=\"vc_col-sm-12 wpb_column vc_column_container ext-row\"><div class=\"vc_column-inner\"><div class=\"wpb_wrapper\"><div class=\"wpb_text_column\"><div class=\"wpb_wrapper\"><p><strong>Inhaltliche Verantwortung<br \/>\n<\/strong>Sprachschule Ostschweiz GmbH<br \/>\nBahnhofstrasse 4<br \/>\n9100 Herisau<br \/>\n<span><span>+41 71 352 33 33<br \/>\n<\/span><\/span><span><span>info@inlingua-ostschweiz.ch<\/span><\/span><\/p>\n<ul>\n<li>HR-Nummer: CH-300.4.020.748-5<\/li>\n<li>UID: CHE-422.061.265<\/li>\n<\/ul>\n<p><strong>Verkn\u00fcpfungen (Links) zu anderen Websites<br \/>\n<\/strong>Auf dieser Website finden Sie automatische Verkn\u00fcpfungen (Links) zu anderen Websites. Wenn Sie solche Links zu den anderen Seiten ausserhalb dieser Website nutzen, erfolgt dies auf Ihre eigene Gefahr und Verantwortung. Sprachschule Ostschweiz GmbH \u00fcberpr\u00fcft die mit der Website verkn\u00fcpften Seiten nicht und \u00fcbernimmt keine Verantwortung f\u00fcr deren Inhalt oder die dort eventuell beschriebenen Produkte oder Dienstleistungen. Sie anerkennen, dass Sprachschule Ostschweiz GmbH keine Pflichten in Bezug auf solche Seiten oder Links treffen.<\/p>\n<p><strong>Urheberrecht und andere Rechte<br \/>\n<\/strong>Der gesamte Inhalt der Website ist rechtlich gesch\u00fctzt. Ohne vorg\u00e4ngige Genehmigung von Sprachschule Ostschweiz GmbH sind Sie nicht berechtigt, die Website oder Teile davon in irgendeiner Weise zu nutzen, insbesondere die Website (ganz oder teilweise) wiederzugeben, (mit elektronischen oder anderen Mitteln) zu \u00fcbermitteln, zu ver\u00e4ndern, oder f\u00fcr einen kommerziellen oder \u00f6ffentlichen Zweck zu nutzen.<\/p>\n<p><strong>Google Analytics Datenschutzhinweis<br \/>\n<\/strong>\u201eDiese Website benutzt Google Analytics, einen Webanalysedienst der Google Inc. (\u201eGoogle\u201c). Google Analytics verwendet sogenannte \u201eCookies\u201c, Textdateien, die auf Ihrem Computer gespeichert werden und die eine Analyse der Benutzung der Website durch Sie erm\u00f6glichen. Die durch den Cookie erzeugten Informationen \u00fcber Ihre Benutzung dieser Website (einschliesslich Ihrer IP-Adresse) werden an einen Server von Google in den USA \u00fcbertragen und dort gespeichert. Google wird diese Informationen benutzen, um Ihre Nutzung der Website auszuwerten, um Reports \u00fcber die Websiteaktivit\u00e4ten f\u00fcr die Websitebetreiber zusammenzustellen und um weitere mit der Websitenutzung und der Internetnutzung verbundene Dienstleistungen zu erbringen. Auch wird Google diese Informationen gegebenenfalls an Dritte \u00fcbertragen, sofern dies gesetzlich vorgeschrieben oder soweit Dritte diese Daten im Auftrag von Google verarbeiten. Google wird in keinem Fall Ihre IP-Adresse mit anderen Daten von Google in Verbindung bringen. Sie k\u00f6nnen die Installation der Cookies durch eine entsprechende Einstellung Ihrer Browser Software verhindern; wir weisen Sie jedoch darauf hin, dass Sie in diesem Fall gegebenenfalls nicht s\u00e4mtliche Funktionen dieser Website vollumf\u00e4nglich nutzen k\u00f6nnen. Durch die Nutzung dieser Website erkl\u00e4ren Sie sich mit der Bearbeitung der \u00fcber Sie erhobenen Daten durch Google in der zuvor beschriebenen Art und Weise und zu dem zuvor benannten Zweck einverstanden.\u201c<\/p>\n<p><strong>Design, Umsetzung und Betreuung<\/strong><br \/>\n<span>Heyweb GmbH,\u00a0<\/span><a href=\"https:\/\/www.heyweb.ch\/\">www.heyweb.ch<\/a><\/p>\n<p><strong>Technik und Konzept<br \/>\n<\/strong>inlingua International AG,\u00a0 <a href=\"https:\/\/www.inlingua.ch\/\">www.inlingua.ch<\/a><\/p>\n<\/div><\/div><\/div><\/div><\/div><\/div><\/div><\/section><section class=\"l-section wpb_row height_medium\"><div class=\"l-section-h i-cf\"><div class=\"g-cols vc_row via_flex valign_top type_default stacking_default\"><div class=\"vc_col-sm-12 wpb_column vc_column_container\"><div class=\"vc_column-inner\"><div class=\"wpb_wrapper\"><div class=\"ult-spacer spacer-69f1df953cb25\" data-id=\"69f1df953cb25\" data-height=\"50\" data-height-mobile=\"50\" data-height-tab=\"50\" data-height-tab-portrait=\"\" data-height-mobile-landscape=\"\" style=\"clear:both;display:block;\"><\/div><\/div><\/div><\/div><\/div><\/div><\/section>\n","protected":false},"excerpt":{"rendered":"inlingua Ostschweiz Impressum Sprachen ver\u00e4ndern Ihr Leben Impressum Inhaltliche Verantwortung Sprachschule Ostschweiz GmbH Bahnhofstrasse 4 9100 Herisau +41 71 352 33 33 info@inlingua-ostschweiz.ch HR-Nummer: CH-300.4.020.748-5 UID: CHE-422.061.265 Verkn\u00fcpfungen (Links) zu anderen Websites Auf dieser Website finden Sie automatische Verkn\u00fcpfungen (Links) zu anderen Websites. Wenn Sie solche Links zu den anderen Seiten ausserhalb dieser Website nutzen,...","protected":false},"author":12,"featured_media":0,"parent":0,"menu_order":0,"comment_status":"closed","ping_status":"closed","template":"","meta":{"_acf_changed":false,"footnotes":""},"class_list":["post-109577","page","type-page","status-publish","hentry"],"acf":[],"yoast_head":"<!-- This site is optimized with the Yoast SEO plugin v27.5 - https:\/\/yoast.com\/product\/yoast-seo-wordpress\/ -->\n<title>Imprint - inlingua Ostschweiz<\/title>\n<meta name=\"robots\" content=\"index, follow, max-snippet:-1, max-image-preview:large, max-video-preview:-1\" \/>\n<link rel=\"canonical\" href=\"https:\/\/inlingua-ostschweiz.ch\/en\/imprint\/\" \/>\n<meta property=\"og:locale\" content=\"en_US\" \/>\n<meta property=\"og:type\" content=\"article\" \/>\n<meta property=\"og:title\" content=\"Imprint - inlingua Ostschweiz\" \/>\n<meta property=\"og:url\" content=\"https:\/\/inlingua-ostschweiz.ch\/en\/imprint\/\" \/>\n<meta property=\"og:site_name\" content=\"inlingua Ostschweiz\" \/>\n<meta property=\"article:modified_time\" content=\"2025-08-13T09:51:25+00:00\" \/>\n<meta name=\"twitter:card\" content=\"summary_large_image\" \/>\n<meta name=\"twitter:label1\" content=\"Est. reading time\" \/>\n\t<meta name=\"twitter:data1\" content=\"3 minutes\" \/>\n<script type=\"application\/ld+json\" class=\"yoast-schema-graph\">{\"@context\":\"https:\\\/\\\/schema.org\",\"@graph\":[{\"@type\":\"WebPage\",\"@id\":\"https:\\\/\\\/inlingua-ostschweiz.ch\\\/en\\\/imprint\\\/\",\"url\":\"https:\\\/\\\/inlingua-ostschweiz.ch\\\/en\\\/imprint\\\/\",\"name\":\"Imprint - inlingua Ostschweiz\",\"isPartOf\":{\"@id\":\"https:\\\/\\\/inlingua-ostschweiz.ch\\\/en\\\/#website\"},\"datePublished\":\"2017-11-23T08:19:21+00:00\",\"dateModified\":\"2025-08-13T09:51:25+00:00\",\"breadcrumb\":{\"@id\":\"https:\\\/\\\/inlingua-ostschweiz.ch\\\/en\\\/imprint\\\/#breadcrumb\"},\"inLanguage\":\"en-US\",\"potentialAction\":[{\"@type\":\"ReadAction\",\"target\":[\"https:\\\/\\\/inlingua-ostschweiz.ch\\\/en\\\/imprint\\\/\"]}]},{\"@type\":\"BreadcrumbList\",\"@id\":\"https:\\\/\\\/inlingua-ostschweiz.ch\\\/en\\\/imprint\\\/#breadcrumb\",\"itemListElement\":[{\"@type\":\"ListItem\",\"position\":1,\"name\":\"Startseite\",\"item\":\"https:\\\/\\\/inlingua-ostschweiz.ch\\\/en\\\/\"},{\"@type\":\"ListItem\",\"position\":2,\"name\":\"Imprint\"}]},{\"@type\":\"WebSite\",\"@id\":\"https:\\\/\\\/inlingua-ostschweiz.ch\\\/en\\\/#website\",\"url\":\"https:\\\/\\\/inlingua-ostschweiz.ch\\\/en\\\/\",\"name\":\"inlingua Ostschweiz\",\"description\":\"Ihre Sprachschule in der Ostschweiz\",\"publisher\":{\"@id\":\"https:\\\/\\\/inlingua-ostschweiz.ch\\\/en\\\/#organization\"},\"potentialAction\":[{\"@type\":\"SearchAction\",\"target\":{\"@type\":\"EntryPoint\",\"urlTemplate\":\"https:\\\/\\\/inlingua-ostschweiz.ch\\\/en\\\/?s={search_term_string}\"},\"query-input\":{\"@type\":\"PropertyValueSpecification\",\"valueRequired\":true,\"valueName\":\"search_term_string\"}}],\"inLanguage\":\"en-US\"},{\"@type\":\"Organization\",\"@id\":\"https:\\\/\\\/inlingua-ostschweiz.ch\\\/en\\\/#organization\",\"name\":\"inlingua Ostschweiz\",\"url\":\"https:\\\/\\\/inlingua-ostschweiz.ch\\\/en\\\/\",\"logo\":{\"@type\":\"ImageObject\",\"inLanguage\":\"en-US\",\"@id\":\"https:\\\/\\\/inlingua-ostschweiz.ch\\\/en\\\/#\\\/schema\\\/logo\\\/image\\\/\",\"url\":\"https:\\\/\\\/inlingua-ostschweiz.ch\\\/wp-content\\\/uploads\\\/2019\\\/04\\\/logo-inlingua.svg\",\"contentUrl\":\"https:\\\/\\\/inlingua-ostschweiz.ch\\\/wp-content\\\/uploads\\\/2019\\\/04\\\/logo-inlingua.svg\",\"width\":\"1024\",\"height\":\"1024\",\"caption\":\"inlingua Ostschweiz\"},\"image\":{\"@id\":\"https:\\\/\\\/inlingua-ostschweiz.ch\\\/en\\\/#\\\/schema\\\/logo\\\/image\\\/\"}}]}<\/script>\n<!-- \/ Yoast SEO plugin. -->","yoast_head_json":{"title":"Imprint - inlingua Ostschweiz","robots":{"index":"index","follow":"follow","max-snippet":"max-snippet:-1","max-image-preview":"max-image-preview:large","max-video-preview":"max-video-preview:-1"},"canonical":"https:\/\/inlingua-ostschweiz.ch\/en\/imprint\/","og_locale":"en_US","og_type":"article","og_title":"Imprint - inlingua Ostschweiz","og_url":"https:\/\/inlingua-ostschweiz.ch\/en\/imprint\/","og_site_name":"inlingua Ostschweiz","article_modified_time":"2025-08-13T09:51:25+00:00","twitter_card":"summary_large_image","twitter_misc":{"Est. reading time":"3 minutes"},"schema":{"@context":"https:\/\/schema.org","@graph":[{"@type":"WebPage","@id":"https:\/\/inlingua-ostschweiz.ch\/en\/imprint\/","url":"https:\/\/inlingua-ostschweiz.ch\/en\/imprint\/","name":"Imprint - inlingua Ostschweiz","isPartOf":{"@id":"https:\/\/inlingua-ostschweiz.ch\/en\/#website"},"datePublished":"2017-11-23T08:19:21+00:00","dateModified":"2025-08-13T09:51:25+00:00","breadcrumb":{"@id":"https:\/\/inlingua-ostschweiz.ch\/en\/imprint\/#breadcrumb"},"inLanguage":"en-US","potentialAction":[{"@type":"ReadAction","target":["https:\/\/inlingua-ostschweiz.ch\/en\/imprint\/"]}]},{"@type":"BreadcrumbList","@id":"https:\/\/inlingua-ostschweiz.ch\/en\/imprint\/#breadcrumb","itemListElement":[{"@type":"ListItem","position":1,"name":"Startseite","item":"https:\/\/inlingua-ostschweiz.ch\/en\/"},{"@type":"ListItem","position":2,"name":"Imprint"}]},{"@type":"WebSite","@id":"https:\/\/inlingua-ostschweiz.ch\/en\/#website","url":"https:\/\/inlingua-ostschweiz.ch\/en\/","name":"inlingua Ostschweiz","description":"Ihre Sprachschule in der Ostschweiz","publisher":{"@id":"https:\/\/inlingua-ostschweiz.ch\/en\/#organization"},"potentialAction":[{"@type":"SearchAction","target":{"@type":"EntryPoint","urlTemplate":"https:\/\/inlingua-ostschweiz.ch\/en\/?s={search_term_string}"},"query-input":{"@type":"PropertyValueSpecification","valueRequired":true,"valueName":"search_term_string"}}],"inLanguage":"en-US"},{"@type":"Organization","@id":"https:\/\/inlingua-ostschweiz.ch\/en\/#organization","name":"inlingua Ostschweiz","url":"https:\/\/inlingua-ostschweiz.ch\/en\/","logo":{"@type":"ImageObject","inLanguage":"en-US","@id":"https:\/\/inlingua-ostschweiz.ch\/en\/#\/schema\/logo\/image\/","url":"https:\/\/inlingua-ostschweiz.ch\/wp-content\/uploads\/2019\/04\/logo-inlingua.svg","contentUrl":"https:\/\/inlingua-ostschweiz.ch\/wp-content\/uploads\/2019\/04\/logo-inlingua.svg","width":"1024","height":"1024","caption":"inlingua Ostschweiz"},"image":{"@id":"https:\/\/inlingua-ostschweiz.ch\/en\/#\/schema\/logo\/image\/"}}]}},"_links":{"self":[{"href":"https:\/\/inlingua-ostschweiz.ch\/en\/wp-json\/wp\/v2\/pages\/109577","targetHints":{"allow":["GET"]}}],"collection":[{"href":"https:\/\/inlingua-ostschweiz.ch\/en\/wp-json\/wp\/v2\/pages"}],"about":[{"href":"https:\/\/inlingua-ostschweiz.ch\/en\/wp-json\/wp\/v2\/types\/page"}],"author":[{"embeddable":true,"href":"https:\/\/inlingua-ostschweiz.ch\/en\/wp-json\/wp\/v2\/users\/12"}],"replies":[{"embeddable":true,"href":"https:\/\/inlingua-ostschweiz.ch\/en\/wp-json\/wp\/v2\/comments?post=109577"}],"version-history":[{"count":0,"href":"https:\/\/inlingua-ostschweiz.ch\/en\/wp-json\/wp\/v2\/pages\/109577\/revisions"}],"wp:attachment":[{"href":"https:\/\/inlingua-ostschweiz.ch\/en\/wp-json\/wp\/v2\/media?parent=109577"}],"curies":[{"name":"wp","href":"https:\/\/api.w.org\/{rel}","templated":true}]}}

<section class="l-section wpb_row us_custom_79d475ad has_text_color height_auto width_full"><div class="l-section-h i-cf"><div class="g-cols vc_row via_flex valign_top type_default stacking_default"><div class="vc_col-sm-6 wpb_column vc_column_container"><div class="vc_column-inner us_custom_be3606da"><div class="wpb_wrapper"><div class="w-image align_none"><div class="w-image-h"><img decoding="async" class="g-placeholder" src="https://inlingua-ostschweiz.ch/wp-content/plugins/us-core/assets/images/placeholder.svg" width="" height="" alt></div></div></div></div></div><div class="vc_col-sm-6 wpb_column vc_column_container vh100_col"><div class="vc_column-inner"><div class="wpb_wrapper"><div class="wpb_text_column vh100_p"><div class="wpb_wrapper"><h4 style="text-align: center;">inlingua Ostschweiz</h4>
<h3 style="text-align: center;">Impressum</h3>
<h4 style="text-align: center;">Sprachen verändern Ihr Leben</h4>
</div></div></div></div></div></div></div></section><section class="l-section wpb_row ext-row height_medium"><div class="l-section-h i-cf"><div class="g-cols vc_row via_flex valign_middle type_default stacking_default"><div class="vc_col-sm-12 wpb_column vc_column_container"><div class="vc_column-inner"><div class="wpb_wrapper"><div class="wpb_text_column"><div class="wpb_wrapper"><h2>Impressum</h2>
</div></div></div></div></div></div></div></section><section class="l-section wpb_row us_custom_558fb458 height_medium"><div class="l-section-h i-cf"><div class="g-cols vc_row via_flex valign_top type_default stacking_default"><div class="vc_col-sm-12 wpb_column vc_column_container ext-row"><div class="vc_column-inner"><div class="wpb_wrapper"><div class="wpb_text_column"><div class="wpb_wrapper"><p><strong>Inhaltliche Verantwortung<br />
</strong>Sprachschule Ostschweiz GmbH<br />
Bahnhofstrasse 4<br />
9100 Herisau<br />
<span><span>+41 71 352 33 33<br />
</span></span><span><span>info@inlingua-ostschweiz.ch</span></span></p>
<ul>
<li>HR-Nummer: CH-300.4.020.748-5</li>
<li>UID: CHE-422.061.265</li>
</ul>
<p><strong>Verknüpfungen (Links) zu anderen Websites<br />
</strong>Auf dieser Website finden Sie automatische Verknüpfungen (Links) zu anderen Websites. Wenn Sie solche Links zu den anderen Seiten ausserhalb dieser Website nutzen, erfolgt dies auf Ihre eigene Gefahr und Verantwortung. Sprachschule Ostschweiz GmbH überprüft die mit der Website verknüpften Seiten nicht und übernimmt keine Verantwortung für deren Inhalt oder die dort eventuell beschriebenen Produkte oder Dienstleistungen. Sie anerkennen, dass Sprachschule Ostschweiz GmbH keine Pflichten in Bezug auf solche Seiten oder Links treffen.</p>
<p><strong>Urheberrecht und andere Rechte<br />
</strong>Der gesamte Inhalt der Website ist rechtlich geschützt. Ohne vorgängige Genehmigung von Sprachschule Ostschweiz GmbH sind Sie nicht berechtigt, die Website oder Teile davon in irgendeiner Weise zu nutzen, insbesondere die Website (ganz oder teilweise) wiederzugeben, (mit elektronischen oder anderen Mitteln) zu übermitteln, zu verändern, oder für einen kommerziellen oder öffentlichen Zweck zu nutzen.</p>
<p><strong>Google Analytics Datenschutzhinweis<br />
</strong>„Diese Website benutzt Google Analytics, einen Webanalysedienst der Google Inc. („Google“). Google Analytics verwendet sogenannte „Cookies“, Textdateien, die auf Ihrem Computer gespeichert werden und die eine Analyse der Benutzung der Website durch Sie ermöglichen. Die durch den Cookie erzeugten Informationen über Ihre Benutzung dieser Website (einschliesslich Ihrer IP-Adresse) werden an einen Server von Google in den USA übertragen und dort gespeichert. Google wird diese Informationen benutzen, um Ihre Nutzung der Website auszuwerten, um Reports über die Websiteaktivitäten für die Websitebetreiber zusammenzustellen und um weitere mit der Websitenutzung und der Internetnutzung verbundene Dienstleistungen zu erbringen. Auch wird Google diese Informationen gegebenenfalls an Dritte übertragen, sofern dies gesetzlich vorgeschrieben oder soweit Dritte diese Daten im Auftrag von Google verarbeiten. Google wird in keinem Fall Ihre IP-Adresse mit anderen Daten von Google in Verbindung bringen. Sie können die Installation der Cookies durch eine entsprechende Einstellung Ihrer Browser Software verhindern; wir weisen Sie jedoch darauf hin, dass Sie in diesem Fall gegebenenfalls nicht sämtliche Funktionen dieser Website vollumfänglich nutzen können. Durch die Nutzung dieser Website erklären Sie sich mit der Bearbeitung der über Sie erhobenen Daten durch Google in der zuvor beschriebenen Art und Weise und zu dem zuvor benannten Zweck einverstanden.“</p>
<p><strong>Design, Umsetzung und Betreuung</strong><br />
<span>Heyweb GmbH, </span><a href="https://www.heyweb.ch/">www.heyweb.ch</a></p>
<p><strong>Technik und Konzept<br />
</strong>inlingua International AG,  <a href="https://www.inlingua.ch/">www.inlingua.ch</a></p>
</div></div></div></div></div></div></div></section><section class="l-section wpb_row height_medium"><div class="l-section-h i-cf"><div class="g-cols vc_row via_flex valign_top type_default stacking_default"><div class="vc_col-sm-12 wpb_column vc_column_container"><div class="vc_column-inner"><div class="wpb_wrapper"><div class="ult-spacer spacer-69f1df953cb25" data-id="69f1df953cb25" data-height="50" data-height-mobile="50" data-height-tab="50" data-height-tab-portrait="" data-height-mobile-landscape="" style="clear:both;display:block;"></div></div></div></div></div></div></section>

inlingua Ostschweiz Impressum Sprachen verändern Ihr Leben Impressum Inhaltliche Verantwortung Sprachschule Ostschweiz GmbH Bahnhofstrasse 4 9100 Herisau +41 71 352 33 33 info@inlingua-ostschweiz.ch HR-Nummer: CH-300.4.020.748-5 UID: CHE-422.061.265 Verknüpfungen (Links) zu anderen Websites Auf dieser Website finden Sie automatische Verknüpfungen (Links) zu anderen Websites. Wenn Sie solche Links zu den anderen Seiten ausserhalb dieser Website nutzen,...
